?
261
What is the greatest common factor of 368 and 13652656?
16
Calculate the greatest common factor of 10769627 and 3619.
517
Calculate the highest common divisor of 51606 and 12047134.
5734
Calculate the greatest common divisor of 108760088 and 40.
8
Calculate the highest common divisor of 588956 and 10396.
452
What is the greatest common factor of 22396 and 4798852?
2036
Calculate the highest common factor of 168872 and 7753064.
1672
Calculate the greatest common divisor of 119031 and 9504.
33
What is the greatest common factor of 117018 and 21515355?
5319
Calculate the greatest common factor of 96110 and 26794095.
6865
What is the greatest common factor of 96 and 51577620?
12
What is the greatest common divisor of 54910650 and 30?
30
Calculate the greatest common divisor of 19133 and 424.
53
Calculate the greatest common factor of 56090 and 233840.
790
What is the greatest common factor of 654 and 555787185?
327
Calculate the greatest common divisor of 244 and 95354956.
244
Calculate the highest common factor of 9963 and 5562675.
3321
Calculate the highest common divisor of 16886364 and 3036.
132
What is the greatest common factor of 6 and 36042813?
3
Calculate the greatest common factor of 45784450 and 6030.
670
What is the greatest common factor of 93 and 2910683?
31
Calculate the greatest common factor of 7714486 and 61204.
2782
Calculate the greatest common divisor of 109271718 and 9.
9
What is the greatest common factor of 8738 and 993121759?
4369
Calculate the greatest common divisor of 15391299 and 693.
231
What is the greatest common divisor of 9880 and 13832?
1976
What is the greatest common divisor of 43628 and 20696?
52
What is the highest common divisor of 93 and 5806851?
3
What is the highest common factor of 869736 and 298596?
2004
What is the highest common divisor of 462099 and 1547227?
2299
What is the highest common factor of 1436070 and 7290?
30
What is the greatest common divisor of 1593152 and 5056?
64
Calculate the highest common divisor of 36 and 2534589.
9
Calculate the greatest common divisor of 5341773 and 2944.
23
What is the highest common factor of 217385110 and 1835?
1835
What is the highest common factor of 13997064 and 14904?
552
What is the highest common divisor of 59788789 and 218?
109
What is the highest common factor of 609 and 6190401?
21
What is the highest common divisor of 3212840 and 5518?
62
Calculate the greatest common factor of 1792 and 46144952.
56
What is the highest common divisor of 82500 and 1629144?
132
What is the greatest common factor of 226824 and 160695353?
9451
What is the highest common factor of 176224086 and 9?
9
What is the highest common divisor of 227575799 and 11?
11
Calculate the greatest common factor of 6400 and 1103350.
50
Calculate the highest common divisor of 1308 and 19001643.
327
Calculate the greatest common divisor of 478840 and 3590.
10
Calculate the highest common divisor of 4491 and 68261703.
1497
Calculate the greatest common divisor of 18354 and 1376382.
42
Calculate the highest common factor of 43244773 and 286.
143
Calculate the highest common divisor of 924 and 7873173.
231
What is the greatest common divisor of 6358 and 20372?
22
Calculate the greatest common factor of 6290760 and 600.
120
What is the highest common factor of 3978 and 1259700?
1326
What is the greatest common divisor of 11 and 64274859?
11
Calculate the highest common factor of 3780 and 6298236.
756
What is the greatest common factor of 35141505 and 90?
15
Calculate the greatest common factor of 542187125 and 830.
415
What is the highest common divisor of 9170 and 30495752?
1834
Calculate the greatest common divisor of 3156774 and 114.
114
Calculate the highest common factor of 4416 and 2026691.
23
What is the highest common factor of 333348 and 12?
12
Calculate the highest common divisor of 15613530 and 5790.
30
Calculate the greatest common divisor of 69356 and 349412.
28
What is the highest common factor of 8358100 and 212?
212
What is the highest common factor of 10158588 and 362032?
748
Calculate the greatest common factor of 93533 and 183799.
121
Calculate the greatest common factor of 103 and 404069.
103
Calculate the greatest common factor of 31342987 and 1729.
13
What is the highest common divisor of 416400 and 9676095?
5205
Calculate the greatest common factor of 240 and 2762250.
30
Calculate the highest common divisor of 534041 and 176607.
211
What is the greatest common divisor of 5798 and 4228822?
26
Calculate the greatest common divisor of 969266 and 9614.
874
What is the greatest common divisor of 8 and 100328?
8
What is the highest common divisor of 1587 and 505892751?
1587
What is the greatest common factor of 1583171 and 19?
1
What is the greatest common divisor of 97 and 53023983?
97
Calculate the greatest common divisor of 144634 and 910.
14
Calculate the greatest common divisor of 24 and 1461234756.
12
What is the greatest common factor of 774 and 1478148?
6
What is the highest common divisor of 104231 and 1?
1
What is the greatest common divisor of 550953 and 33813?
1989
What is the greatest common divisor of 270596 and 157868?
244
What is the highest common divisor of 43836 and 126828?
156
Calculate the greatest common factor of 1367 and 324.
1
What is the highest common factor of 7696 and 429146276?
1924
What is the greatest common divisor of 108017599 and 10793?
251
What is the greatest common divisor of 255565 and 750520?
3235
Calculate the greatest common factor of 4927900 and 400.
100
What is the highest common divisor of 38161193 and 175?
7
What is the highest common divisor of 2196 and 56916904?
244
What is the highest common factor of 101430 and 204134?
98
Calculate the greatest common factor of 197887052 and 836.
836
Calculate the greatest common factor of 1160603 and 207.
23
Calculate the highest common divisor of 169776243 and 135408.
8463
What is the greatest common factor of 30120038 and 258?
86
What is the highest common factor of 326174 and 196244?
142
Calculate the greatest common factor of 211548 and 11436.
12
Calculate the highest common factor of 101474718 and 453.
453
What is the greatest common factor of 28059573 and 429900?
4299
What is the greatest common divisor of 54349 and 5035553?
2363
What is the greatest common divisor of 11742 and 2444808?
618
What is the greatest common divisor of 256 and 9888864?
32
Calculate the greatest common divisor of 83490 and 1365.
15
What is the greatest common factor of 2382 and 740948493?
1191
Calculate the highest common divisor of 1352 and 16448614.
26
Calculate the greatest common factor of 21533 and 212506.
353
Calculate the highest common factor of 1123 and 84819067.
1123
Calculate the highest common divisor of 7906 and 4356.
2
What is the greatest common divisor of 5378828 and 114660?
2548
Calculate the greatest common factor of 1386 and 28041706.
154
What is the highest common divisor of 23931290 and 20?
10
What is the highest common factor of 83607 and 12152?
31
Calculate the greatest common factor of 65880008 and 32.
8
Calculate the greatest common divisor of 110 and 35672582.
22
What is the greatest common divisor of 56 and 20422696?
56
What is the highest common divisor of 38135846 and 70?
14
Calculate the greatest common divisor of 4320957 and 61473.
1983
Calculate the greatest common factor of 194011902 and 6.
6
Calculate the greatest common factor of 118 and 3907806.
118
Calculate the highest common divisor of 2182586 and 723106.
6634
Calculate the highest common divisor of 14 and 1291159149.
7
Calculate the highest common factor of 3703690 and 40.
10
What is the highest common divisor of 276755547 and 717?
717
Calculate the greatest common divisor of 110127489 and 16662.
8331
Calculate the highest common factor of 9241776 and 243.
243
Calculate the highest common factor of 1015 and 2292305.
145
What is the highest common factor of 822192 and 59808?
336
What is the greatest common divisor of 1827 and 1502280?
9
What is the highest common divisor of 34679490 and 2120?
530
What is the greatest common divisor of 240 and 16203480?
120
What is the highest common factor of 1251344 and 2416?
16
Calculate the highest common divisor of 361004 and 329.
7
Calculate the greatest common factor of 264 a